303 and 427?
7
Calculate the greatest common factor of 144438583 and 5223.
1741
Calculate the greatest common divisor of 56496 and 13122.
6
What is the highest common divisor of 3382994 and 2486?
226
What is the greatest common factor of 560706 and 18758?
226
What is the highest common divisor of 98 and 6780914?
98
What is the highest common divisor of 8097430 and 220?
110
What is the greatest common factor of 1476611 and 65474?
1723
Calculate the greatest common factor of 89252 and 73988.
212
What is the highest common factor of 6466 and 713822?
122
What is the greatest common divisor of 17556 and 8591?
11
What is the greatest common factor of 685602 and 522?
18
Calculate the greatest common divisor of 256588727 and 478.
239
What is the greatest common factor of 641168 and 968?
88
What is the highest common factor of 12512 and 2501227?
391
Calculate the greatest common factor of 4341344 and 192.
32
Calculate the greatest common factor of 1048493513 and 85.
17
Calculate the greatest common divisor of 155117 and 1629.
181
Calculate the highest common divisor of 102 and 1544910.
6
What is the highest common factor of 645 and 6429?
3
Calculate the highest common divisor of 344999 and 10.
1
Calculate the greatest common factor of 7204640 and 37888.
1184
What is the greatest common divisor of 14573 and 1360894?
1121
What is the greatest common factor of 237440940 and 108?
12
What is the highest common divisor of 267228 and 207273?
1713
What is the greatest common divisor of 98838 and 34038?
18
What is the greatest common divisor of 3196788 and 42?
42
What is the greatest common factor of 30609411 and 168?
21
What is the greatest common factor of 625 and 21250?
625
What is the highest common factor of 1528 and 11152?
8
Calculate the highest common divisor of 12833 and 1078054.
41
What is the greatest common divisor of 494 and 3252561?
13
What is the highest common divisor of 201221 and 2852?
31
What is the greatest common divisor of 1604689 and 614?
307
Calculate the greatest common divisor of 10684583 and 39.
13
Calculate the highest common factor of 1128 and 7032.
24
Calculate the highest common divisor of 713 and 35664973.
713
What is the greatest common divisor of 421 and 3198824939?
421
What is the highest common divisor of 197 and 9339179?
197
What is the greatest common divisor of 1491048 and 59184?
216
Calculate the greatest common divisor of 17723448 and 23976.
648
What is the highest common divisor of 179 and 477461557?
179
Calculate the greatest common factor of 377 and 31013673.
29
Calculate the greatest common divisor of 505 and 162785.
5
Calculate the highest common factor of 7629975 and 5325.
75
What is the highest common factor of 4955536 and 582?
194
What is the highest common factor of 3433983 and 118167?
357
Calculate the greatest common divisor of 485 and 8393701.
97
What is the highest common factor of 89935022 and 158?
158
Calculate the highest common divisor of 3328 and 7001024.
64
What is the highest common factor of 226812786 and 12?
6
Calculate the highest common factor of 58 and 3123590.
58
Calculate the greatest common divisor of 1693515 and 975.
15
What is the highest common factor of 11769555 and 8715?
105
Calculate the greatest common divisor of 5962507 and 4879.
41
Calculate the highest common factor of 9154235 and 11605.
1055
What is the highest common factor of 2533187790 and 980?
490
What is the highest common divisor of 3363 and 17372137?
1121
Calculate the greatest common factor of 26904208 and 32.
16
Calculate the greatest common factor of 1770768 and 5340997.
4099
Calculate the greatest common divisor of 32732883 and 41.
41
Calculate the highest common factor of 7721 and 151529.
7
What is the greatest common factor of 1933205 and 20?
5
What is the greatest common divisor of 117 and 124660315?
13
Calculate the highest common divisor of 572 and 3291938.
26
What is the highest common divisor of 77625 and 27465?
15
What is the highest common factor of 4390 and 406067098?
878
What is the greatest common divisor of 243 and 411?
3
What is the highest common factor of 288 and 188114454?
18
Calculate the greatest common factor of 88090827 and 11.
11
What is the greatest common divisor of 43902 and 550672?
542
Calculate the highest common divisor of 2212165 and 1037.
61
Calculate the greatest common factor of 4408 and 744778.
58
What is the highest common divisor of 3528 and 9666648?
72
What is the highest common divisor of 145 and 6473729015?
145
Calculate the greatest common divisor of 346707 and 459.
27
Calculate the highest common factor of 51995887 and 1181.
1181
Calculate the greatest common divisor of 280 and 3560298.
14
Calculate the greatest common divisor of 556965 and 8523.
9
Calculate the highest common divisor of 7371 and 8407620.
117
What is the greatest common factor of 32904 and 54691932?
5484
What is the greatest common divisor of 1597 and 13876333?
1597
What is the highest common factor of 304112249 and 2758?
1379
Calculate the greatest common factor of 16490666 and 723.
241
What is the greatest common factor of 11979 and 39952869?
363
Calculate the greatest common factor of 93 and 703116797.
31
What is the greatest common divisor of 12 and 6302742?
6
What is the highest common factor of 222 and 109346322?
222
Calculate the highest common divisor of 39399806 and 50692.
1102
Calculate the highest common divisor of 50712 and 159000.
24
Calculate the highest common divisor of 1340328 and 5448.
24
Calculate the highest common factor of 1933980 and 180.
60
What is the greatest common factor of 70 and 887217135?
35
What is the greatest common divisor of 16391907 and 63?
63
Calculate the greatest common divisor of 17175058 and 4.
2
What is the highest common factor of 1354951 and 403?
13
Calculate the greatest common factor of 33143 and 248699.
253
What is the highest common divisor of 21752080 and 23270?
1790
What is the greatest common divisor of 2385357 and 47151?
1209
What is the highest common divisor of 33110748 and 16920?
1692
Calculate the greatest common divisor of 35084 and 279956.
716
Calculate the highest common divisor of 87822553 and 1911.
637
What is the greatest common divisor of 388 and 907532?
388
Calculate the highest common factor of 67825329 and 74.
37
Calculate the highest common factor of 38883 and 85761.
39
What is the greatest common divisor of 143 and 311872?
11
What is the highest common factor of 79483217 and 407?
11
Calculate the greatest common divisor of 225177368 and 156.
52
Calculate the greatest common divisor of 54 and 111948534.
54
What is the highest common divisor of 43163 and 44795577?
2539
What is the highest common divisor of 20010 and 152250?
870
What is the highest common divisor of 1060 and 31368580?
1060
What is the greatest common factor of 788814 and 1458?
18
Calculate the greatest common divisor of 3024 and 2017764.
756
What is the greatest common divisor of 51285515 and 555?
185
Calculate the highest common divisor of 25543 and 16022759.
3649
Calculate the greatest common divisor of 6300 and 522512550.
3150
Calculate the greatest common factor of 2598 and 10609366.
866
Calculate the highest common divisor of 5832 and 15867576.
648
Calculate the highest common factor of 98468 and 248.
4
Calculate the greatest common factor of 44735 and 52900.
115
What is the greatest common factor of 19082 and 1373246?
658
Calculate the highest common factor of 15937933 and 11.
11
What is the greatest common divisor of 391496 and 6839?
7
What is the highest common factor of 294 and 9564100?
14
What is the greatest common divisor of 10180 and 9469436?
2036
What is the greatest common divisor of 17892 and 672189021?
4473
Calculate the highest common factor of 166194084 and 12.
12
Calculate the greatest common divisor of 82884382 and 784.
98
What is the greatest common factor of 19074 and 2610894?
1122
What is the highest common factor of 104 and 19134986?
26
Calculate the greatest common factor of 8707019 and 4151.
593
Calculate the highest common divisor of 5574065 and 11256.
469
What is the highest common divisor of 2915025914 and 62?
62
What is the greatest common divisor of 2808 and 350051?
13
What is the highest common divisor of 19504 and 5157589?
1219
Calculate the high